{"id":191,"date":"2022-11-21T14:14:14","date_gmt":"2022-11-21T14:14:14","guid":{"rendered":"http:\/\/miellerieduchambourlas.fr\/?page_id=191"},"modified":"2022-11-21T14:39:31","modified_gmt":"2022-11-21T14:39:31","slug":"cgv","status":"publish","type":"page","link":"https:\/\/miellerieduchambourlas.fr\/?page_id=191","title":{"rendered":"Conditions g\u00e9n\u00e9rales de vente"},"content":{"rendered":"<p>[et_pb_section fb_built=&#8221;1&#8243; _builder_version=&#8221;4.18.0&#8243; _module_preset=&#8221;default&#8221; custom_margin=&#8221;||||false|false&#8221; custom_padding=&#8221;30px||30px||true|false&#8221; global_colors_info=&#8221;{}&#8221;][et_pb_row _builder_version=&#8221;4.18.0&#8243; _module_preset=&#8221;default&#8221; global_colors_info=&#8221;{}&#8221;][et_pb_column type=&#8221;4_4&#8243; _builder_version=&#8221;4.18.0&#8243; _module_preset=&#8221;default&#8221; global_colors_info=&#8221;{}&#8221;][et_pb_text _builder_version=&#8221;4.18.0&#8243; _module_preset=&#8221;b327cbe4-b1d5-4b66-ad37-40c8f2f061ba&#8221; text_font=&#8221;||||||||&#8221; text_text_color=&#8221;#FFFFFF&#8221; text_font_size=&#8221;15px&#8221; text_line_height=&#8221;1.8em&#8221; header_3_font=&#8221;Actor||||||||&#8221; header_3_text_align=&#8221;center&#8221; header_3_text_color=&#8221;#444444&#8243; header_3_font_size=&#8221;24px&#8221; custom_margin=&#8221;||0px||false|false&#8221; text_font_size_tablet=&#8221;15px&#8221; text_font_size_phone=&#8221;14px&#8221; text_font_size_last_edited=&#8221;on|phone&#8221; header_font_size_tablet=&#8221;55px&#8221; header_font_size_last_edited=&#8221;off|desktop&#8221; global_colors_info=&#8221;{}&#8221;]<\/p>\n<h3>Conditions g\u00e9n\u00e9rales de vente<\/h3>\n<p>[\/et_pb_text][\/et_pb_column][\/et_pb_row][et_pb_row _builder_version=&#8221;4.18.0&#8243; _module_preset=&#8221;default&#8221; global_colors_info=&#8221;{}&#8221;][et_pb_column type=&#8221;4_4&#8243; _builder_version=&#8221;4.18.0&#8243; _module_preset=&#8221;default&#8221; global_colors_info=&#8221;{}&#8221;][et_pb_text _builder_version=&#8221;4.18.0&#8243; _module_preset=&#8221;default&#8221; header_4_font=&#8221;Actor||||||||&#8221; header_4_text_color=&#8221;#0A0277&#8243; header_4_font_size=&#8221;20px&#8221; global_colors_info=&#8221;{}&#8221;]<\/p>\n<p>Si\u00e8ge social :<\/p>\n<address title=\"Adresse de la Fnac\">Miellerie du Chambourlas<br \/>Chambourlas<br \/>07360 Saint-Vincent-de-Durfort<\/address>\n<h2 id=\"edito\"><\/h2>\n<p>Date de derni\u00e8re mise \u00e0 jour : 15\/11\/2022<\/p>\n<p>Il est pr\u00e9alablement pr\u00e9cis\u00e9 que les pr\u00e9sentes conditions r\u00e9gissent exclusivement les ventes, par Miellerie du Chambourlas (Si\u00e8ge social : Chambroulas &#8211; 07360 Saint-Vincent-de-Durfort) de miels ainsi que des autres produits de la ruche (p\u00e2tisserie, apith\u00e9rapie, bougies).<\/p>\n<p>&nbsp;<\/p>\n<h3>Article 1 &#8211; Prix<\/h3>\n<p>1.1 &#8211; Les prix de nos produits sont indiqu\u00e9s en euros toutes taxes comprises hors participation aux frais de traitement et d&#8217;exp\u00e9dition.<\/p>\n<p>1.2 &#8211; En cas de commande vers un pays autre que la France m\u00e9tropolitaine vous \u00eates l&#8217;importateur du ou des produits concern\u00e9s. Pour tous les produits exp\u00e9di\u00e9s hors Union europ\u00e9enne et DOM-TOM, le prix sera calcul\u00e9 hors taxes automatiquement sur la facture. Des droits de douane ou autres taxes locales ou droits d&#8217;importation ou taxes d&#8217;\u00e9tat sont susceptibles d&#8217;\u00eatre exigibles. Ces droits et sommes ne rel\u00e8vent pas de notre ressort. Ils seront \u00e0 votre charge et rel\u00e8vent de votre enti\u00e8re responsabilit\u00e9, tant en termes de d\u00e9clarations que de paiements aux autorit\u00e9s et\/organismes comp\u00e9tents de votre pays. Nous vous conseillons de vous renseigner sur ces aspects aupr\u00e8s de vos autorit\u00e9s locales.<\/p>\n<p>1.3 &#8211; La Miellerie du Chambourlas se r\u00e9serve le droit de modifier ses prix \u00e0 tout moment mais les produits seront factur\u00e9s sur la base des tarifs en vigueur au moment de votre validation de commande.<\/p>\n<p>&nbsp;<\/p>\n<h3>Article 2 &#8211; Commande<\/h3>\n<p>Vous pouvez passer commande :<\/p>\n<ul>\n<li>Sur Internet : www.miellerieduchambourlas.fr.<\/li>\n<li>Par t\u00e9l\u00e9phone au 06 06 22 66 30 30<\/li>\n<\/ul>\n<h3><\/h3>\n<h3>Article 3 \u2013 Validation de votre commande<\/h3>\n<p>Vous d\u00e9clarez avoir pris connaissance et accept\u00e9 les pr\u00e9sentes Conditions g\u00e9n\u00e9rales de vente avant la passation de votre commande. La validation de votre commande vaut donc acceptation de ces Conditions g\u00e9n\u00e9rales de vente.<\/p>\n<p>&nbsp;<\/p>\n<h3>Article 4 &#8211; Disponibilit\u00e9<\/h3>\n<p>Nos produits peuvent \u00eatre command\u00e9s dans la limite des stocks disponibles. Dans l&#8217;\u00e9ventualit\u00e9 d&#8217;une indisponibilit\u00e9 de produit apr\u00e8s passation de votre commande, nous vous en informerons par mail.\u00a0 Pour information le d\u00e9bit n&#8217;intervient qu&#8217;au moment de l&#8217;exp\u00e9dition du colis.<\/p>\n<p>&nbsp;<\/p>\n<h3>Article 5 &#8211; Livraison<\/h3>\n<p>5.1 &#8211; G\u00e9n\u00e9ralit\u00e9s<\/p>\n<p>Les produits sont livr\u00e9s \u00e0 l&#8217;adresse de livraison que vous avez indiqu\u00e9e au cours du processus de commande, nous postons votre commande via Colissimo au plus vite apr\u00e8s votre commande.<\/p>\n<p>En cas de livraison par un transporteur n\u00e9cessitant une prise de rendez-vous avec le client, ce dernier prendra contact avec vous dans les plus brefs d\u00e9lais pour convenir avec vous d&#8217;un rendez-vous de livraison, 30 jours au plus tard \u00e0 compter de la date de votre validation de commande.<\/p>\n<p>En cas de retard d&#8217;exp\u00e9dition, un mail vous sera adress\u00e9 pour vous informer d&#8217;une \u00e9ventuelle cons\u00e9quence sur le d\u00e9lai de livraison qui vous a \u00e9t\u00e9 indiqu\u00e9. En cas de retard de livraison, nous vous proposerons par mail un nouveau d\u00e9lai de livraison.<\/p>\n<p>En tout \u00e9tat de cause, conform\u00e9ment aux dispositions l\u00e9gales, en cas de retard de livraison, vous b\u00e9n\u00e9ficiez de la possibilit\u00e9 de r\u00e9soudre le contrat dans les conditions et modalit\u00e9s d\u00e9finies \u00e0 l&#8217;Article L 216-2 du Code de la consommation. Dans ce cas, si vous avez re\u00e7u le produit, apr\u00e8s votre annulation, nous proc\u00e9derons au remboursement du produit et aux frais \u00ab\u00a0aller\u00a0\u00bb dans les conditions de l&#8217;Article L 216-3 du Code de la consommation.<\/p>\n<p>&nbsp;<\/p>\n<h3>Article 6 &#8211; Paiement<\/h3>\n<p>Nous vous rappelons que le fait de valider votre commande implique l&#8217;obligation \u00e0 votre charge de payer le prix indiqu\u00e9. Le r\u00e8glement de vos achats peut s&#8217;effectuer par ch\u00e8que.<\/p>\n<p>&nbsp;<\/p>\n<h3>Article 7 &#8211; S\u00e9curisation<\/h3>\n<p>Notre site fait l&#8217;objet d&#8217;un syst\u00e8me de s\u00e9curisation.<\/p>\n<p>&nbsp;<\/p>\n<h3>Article 8 &#8211; Droit de r\u00e9tractation<\/h3>\n<p>D\u00e9lai l\u00e9gal du droit de r\u00e9tractation : conform\u00e9ment aux dispositions l\u00e9gales en vigueur, vous disposez d&#8217;un d\u00e9lai de 14 jours \u00e0 compter de la r\u00e9ception de vos produits pour exercer votre droit de r\u00e9tractation sans avoir \u00e0 justifier de motifs ni \u00e0 payer de p\u00e9nalit\u00e9. Apr\u00e8s communication de votre d\u00e9cision d&#8217;exercer votre droit de r\u00e9tractation dans ce d\u00e9lai de 14 jours, vous disposez d&#8217;un autre d\u00e9lai de 14 jours pour renvoyer le ou les produits concern\u00e9s par la r\u00e9tractation.<\/p>\n<p>&nbsp;<\/p>\n<p>&nbsp;<\/p>\n<h3>Article 9 &#8211; Propri\u00e9t\u00e9 Intellectuelle<\/h3>\n<p>Tous les textes, commentaires, ouvrages, illustrations \u0153uvres et images reproduits ou repr\u00e9sent\u00e9s sur le site de la Miellerie du Chambourlas sont strictement r\u00e9serv\u00e9s au titre du droit d&#8217;auteur ainsi qu&#8217;au titre de la propri\u00e9t\u00e9 intellectuelle et pour le monde entier. \u00c0 ce titre et conform\u00e9ment aux dispositions du code de la propri\u00e9t\u00e9 intellectuelle, seule l&#8217;utilisation pour un usage priv\u00e9 sous r\u00e9serve de dispositions diff\u00e9rentes voire plus restrictives du code de la propri\u00e9t\u00e9 intellectuelle est autoris\u00e9e. Toute reproduction ou repr\u00e9sentation totale ou partielle du site de la Miellerie du Chambourlas ou de tout ou partie des \u00e9l\u00e9ments est strictement interdite.<\/p>\n<p>&nbsp;<\/p>\n<h3><\/h3>\n<h3>Article 10 &#8211; Donn\u00e9es personnelles<\/h3>\n<p>Les informations nominatives et donn\u00e9es personnelles vous concernant sont n\u00e9cessaires \u00e0 la gestion de votre commande et \u00e0 nos relations commerciales. Elles peuvent \u00eatre transmises aux soci\u00e9t\u00e9s qui contribuent \u00e0 ces relations telles que celles charg\u00e9es de l&#8217;ex\u00e9cution des services et commandes pour leur gestion, ex\u00e9cution, traitement et paiement. Ces informations et donn\u00e9es sont \u00e9galement conserv\u00e9es \u00e0 des fins de s\u00e9curit\u00e9, afin de respecter les obligations l\u00e9gales et r\u00e9glementaires et ainsi que pour nous permettre d&#8217;am\u00e9liorer et personnaliser les services que nous vous proposons et les informations que nous vous adressons.<\/p>\n<p>Conform\u00e9ment \u00e0 la loi informatique et libert\u00e9s du 6 janvier 1978, vous disposez d&#8217;un droit d&#8217;acc\u00e8s et de rectification et d&#8217;opposition aux donn\u00e9es personnelles vous concernant. Il vous suffit de nous adresser un courrier \u00e0 l&#8217;adresse du si\u00e8ge social.<\/p>\n<p>&nbsp;<\/p>\n<h3>Annexe 1\u00a0\u2013 Formulaire de r\u00e9tractation<\/h3>\n<p>Veuillez compl\u00e9ter et renvoyer le pr\u00e9sent formulaire uniquement si vous souhaitez vous r\u00e9tracter de votre commande pass\u00e9e sur Miellerie du Chambourlas, sauf exclusions ou limites \u00e0 l&#8217;exercice du droit de r\u00e9tractation suivant les Conditions G\u00e9n\u00e9rales de Vente applicables.<\/p>\n<p>A l&#8217;attention de la Miellerie du Chambourlas &#8211; Chambourlas &#8211; 07360 Saint-Vincent-de-Durfort<\/p>\n<p>Je vous notifie par la pr\u00e9sente ma r\u00e9tractation du contrat portant sur la vente du bien ci-dessous :<\/p>\n<p>Command\u00e9 le \u2026\u2026\u2026\u2026\u2026\u2026\u2026\u2026\u2026\u2026\u2026\u2026\u2026\u2026.. \/ Re\u00e7u le \u2026\u2026\u2026\u2026\u2026\u2026\u2026\u2026\u2026\u2026\u2026\u2026\u2026\u2026\u2026\u2026\u2026\u2026\u2026\u2026\u2026\u2026\u2026\u2026.. (*)<\/p>\n<p>Nom du\/des consommateur(s) : \u2026\u2026\u2026\u2026\u2026\u2026\u2026\u2026\u2026\u2026\u2026\u2026\u2026\u2026\u2026\u2026\u2026\u2026\u2026\u2026\u2026\u2026\u2026\u2026..<\/p>\n<p>Adresse du\/des consommateur(s) : \u2026\u2026\u2026\u2026\u2026\u2026\u2026\u2026\u2026\u2026\u2026\u2026\u2026\u2026\u2026\u2026\u2026\u2026\u2026\u2026\u2026\u2026\u2026\u2026..<\/p>\n<p>Signature du\/des consommateur(s) (uniquement en cas de notification du pr\u00e9sent formulaire sur papier) :<\/p>\n<p>&nbsp;<\/p>\n<p>Date : \u2026\u2026\u2026\u2026\u2026\u2026\u2026\u2026\u2026\u2026\u2026\u2026\u2026\u2026\u2026\u2026\u2026\u2026\u2026\u2026\u2026\u2026\u2026\u2026..<\/p>\n<p>(*) Rayez la mention inutile<\/p>\n<p>&nbsp;<\/p>\n<p>[\/et_pb_text][\/et_pb_column][\/et_pb_row][\/et_pb_section]<\/p>\n","protected":false},"excerpt":{"rendered":"<p>Conditions g\u00e9n\u00e9rales de venteSi\u00e8ge social : Miellerie du ChambourlasChambourlas07360 Saint-Vincent-de-Durfort Date de derni\u00e8re mise \u00e0 jour : 15\/11\/2022 Il est pr\u00e9alablement pr\u00e9cis\u00e9 que les pr\u00e9sentes conditions r\u00e9gissent exclusivement les ventes, par Miellerie du Chambourlas (Si\u00e8ge social : Chambroulas &#8211; 07360 Saint-Vincent-de-Durfort) de miels ainsi que des autres produits de la ruche (p\u00e2tisserie, apith\u00e9rapie, bougies). &nbsp; [&hellip;]<\/p>\n","protected":false},"author":1,"featured_media":0,"parent":0,"menu_order":0,"comment_status":"closed","ping_status":"closed","template":"","meta":{"_et_pb_use_builder":"on","_et_pb_old_content":"","_et_gb_content_width":"","footnotes":""},"class_list":["post-191","page","type-page","status-publish","hentry"],"yoast_head":"<!-- This site is optimized with the Yoast SEO plugin v27.4 - https:\/\/yoast.com\/product\/yoast-seo-wordpress\/ -->\n<title>Conditions g\u00e9n\u00e9rales de vente - Miellerie du Chambourlas<\/title>\n<meta name=\"robots\" content=\"index, follow, max-snippet:-1, max-image-preview:large, max-video-preview:-1\" \/>\n<link rel=\"canonical\" href=\"https:\/\/miellerieduchambourlas.fr\/?page_id=191\" \/>\n<meta property=\"og:locale\" content=\"en_US\" \/>\n<meta property=\"og:type\" content=\"article\" \/>\n<meta property=\"og:title\" content=\"Conditions g\u00e9n\u00e9rales de vente - Miellerie du Chambourlas\" \/>\n<meta property=\"og:description\" content=\"Conditions g\u00e9n\u00e9rales de venteSi\u00e8ge social : Miellerie du ChambourlasChambourlas07360 Saint-Vincent-de-Durfort Date de derni\u00e8re mise \u00e0 jour : 15\/11\/2022 Il est pr\u00e9alablement pr\u00e9cis\u00e9 que les pr\u00e9sentes conditions r\u00e9gissent exclusivement les ventes, par Miellerie du Chambourlas (Si\u00e8ge social : Chambroulas - 07360 Saint-Vincent-de-Durfort) de miels ainsi que des autres produits de la ruche (p\u00e2tisserie, apith\u00e9rapie, bougies). &nbsp; [&hellip;]\" \/>\n<meta property=\"og:url\" content=\"https:\/\/miellerieduchambourlas.fr\/?page_id=191\" \/>\n<meta property=\"og:site_name\" content=\"Miellerie du Chambourlas\" \/>\n<meta property=\"article:modified_time\" content=\"2022-11-21T14:39:31+00:00\" \/>\n<meta name=\"twitter:card\" content=\"summary_large_image\" \/>\n<meta name=\"twitter:label1\" content=\"Est. reading time\" \/>\n\t<meta name=\"twitter:data1\" content=\"6 minutes\" \/>\n<script type=\"application\/ld+json\" class=\"yoast-schema-graph\">{\"@context\":\"https:\\\/\\\/schema.org\",\"@graph\":[{\"@type\":\"WebPage\",\"@id\":\"https:\\\/\\\/miellerieduchambourlas.fr\\\/?page_id=191\",\"url\":\"https:\\\/\\\/miellerieduchambourlas.fr\\\/?page_id=191\",\"name\":\"Conditions g\u00e9n\u00e9rales de vente - Miellerie du Chambourlas\",\"isPartOf\":{\"@id\":\"https:\\\/\\\/miellerieduchambourlas.fr\\\/#website\"},\"datePublished\":\"2022-11-21T14:14:14+00:00\",\"dateModified\":\"2022-11-21T14:39:31+00:00\",\"breadcrumb\":{\"@id\":\"https:\\\/\\\/miellerieduchambourlas.fr\\\/?page_id=191#breadcrumb\"},\"inLanguage\":\"en-US\",\"potentialAction\":[{\"@type\":\"ReadAction\",\"target\":[\"https:\\\/\\\/miellerieduchambourlas.fr\\\/?page_id=191\"]}]},{\"@type\":\"BreadcrumbList\",\"@id\":\"https:\\\/\\\/miellerieduchambourlas.fr\\\/?page_id=191#breadcrumb\",\"itemListElement\":[{\"@type\":\"ListItem\",\"position\":1,\"name\":\"Home\",\"item\":\"https:\\\/\\\/miellerieduchambourlas.fr\\\/\"},{\"@type\":\"ListItem\",\"position\":2,\"name\":\"Conditions g\u00e9n\u00e9rales de vente\"}]},{\"@type\":\"WebSite\",\"@id\":\"https:\\\/\\\/miellerieduchambourlas.fr\\\/#website\",\"url\":\"https:\\\/\\\/miellerieduchambourlas.fr\\\/\",\"name\":\"Miellerie du Chambourlas\",\"description\":\"| miellerie artisanale d&#039;Ard\u00e8che, passez-nous votre commande.\",\"publisher\":{\"@id\":\"https:\\\/\\\/miellerieduchambourlas.fr\\\/#organization\"},\"potentialAction\":[{\"@type\":\"SearchAction\",\"target\":{\"@type\":\"EntryPoint\",\"urlTemplate\":\"https:\\\/\\\/miellerieduchambourlas.fr\\\/?s={search_term_string}\"},\"query-input\":{\"@type\":\"PropertyValueSpecification\",\"valueRequired\":true,\"valueName\":\"search_term_string\"}}],\"inLanguage\":\"en-US\"},{\"@type\":\"Organization\",\"@id\":\"https:\\\/\\\/miellerieduchambourlas.fr\\\/#organization\",\"name\":\"Miellerie du Chambourlas\",\"url\":\"https:\\\/\\\/miellerieduchambourlas.fr\\\/\",\"logo\":{\"@type\":\"ImageObject\",\"inLanguage\":\"en-US\",\"@id\":\"https:\\\/\\\/miellerieduchambourlas.fr\\\/#\\\/schema\\\/logo\\\/image\\\/\",\"url\":\"http:\\\/\\\/miellerieduchambourlas.fr\\\/wp-content\\\/uploads\\\/2022\\\/09\\\/logo.png\",\"contentUrl\":\"http:\\\/\\\/miellerieduchambourlas.fr\\\/wp-content\\\/uploads\\\/2022\\\/09\\\/logo.png\",\"width\":346,\"height\":352,\"caption\":\"Miellerie du Chambourlas\"},\"image\":{\"@id\":\"https:\\\/\\\/miellerieduchambourlas.fr\\\/#\\\/schema\\\/logo\\\/image\\\/\"}}]}<\/script>\n<!-- \/ Yoast SEO plugin. -->","yoast_head_json":{"title":"Conditions g\u00e9n\u00e9rales de vente - Miellerie du Chambourlas","robots":{"index":"index","follow":"follow","max-snippet":"max-snippet:-1","max-image-preview":"max-image-preview:large","max-video-preview":"max-video-preview:-1"},"canonical":"https:\/\/miellerieduchambourlas.fr\/?page_id=191","og_locale":"en_US","og_type":"article","og_title":"Conditions g\u00e9n\u00e9rales de vente - Miellerie du Chambourlas","og_description":"Conditions g\u00e9n\u00e9rales de venteSi\u00e8ge social : Miellerie du ChambourlasChambourlas07360 Saint-Vincent-de-Durfort Date de derni\u00e8re mise \u00e0 jour : 15\/11\/2022 Il est pr\u00e9alablement pr\u00e9cis\u00e9 que les pr\u00e9sentes conditions r\u00e9gissent exclusivement les ventes, par Miellerie du Chambourlas (Si\u00e8ge social : Chambroulas - 07360 Saint-Vincent-de-Durfort) de miels ainsi que des autres produits de la ruche (p\u00e2tisserie, apith\u00e9rapie, bougies). &nbsp; [&hellip;]","og_url":"https:\/\/miellerieduchambourlas.fr\/?page_id=191","og_site_name":"Miellerie du Chambourlas","article_modified_time":"2022-11-21T14:39:31+00:00","twitter_card":"summary_large_image","twitter_misc":{"Est. reading time":"6 minutes"},"schema":{"@context":"https:\/\/schema.org","@graph":[{"@type":"WebPage","@id":"https:\/\/miellerieduchambourlas.fr\/?page_id=191","url":"https:\/\/miellerieduchambourlas.fr\/?page_id=191","name":"Conditions g\u00e9n\u00e9rales de vente - Miellerie du Chambourlas","isPartOf":{"@id":"https:\/\/miellerieduchambourlas.fr\/#website"},"datePublished":"2022-11-21T14:14:14+00:00","dateModified":"2022-11-21T14:39:31+00:00","breadcrumb":{"@id":"https:\/\/miellerieduchambourlas.fr\/?page_id=191#breadcrumb"},"inLanguage":"en-US","potentialAction":[{"@type":"ReadAction","target":["https:\/\/miellerieduchambourlas.fr\/?page_id=191"]}]},{"@type":"BreadcrumbList","@id":"https:\/\/miellerieduchambourlas.fr\/?page_id=191#breadcrumb","itemListElement":[{"@type":"ListItem","position":1,"name":"Home","item":"https:\/\/miellerieduchambourlas.fr\/"},{"@type":"ListItem","position":2,"name":"Conditions g\u00e9n\u00e9rales de vente"}]},{"@type":"WebSite","@id":"https:\/\/miellerieduchambourlas.fr\/#website","url":"https:\/\/miellerieduchambourlas.fr\/","name":"Miellerie du Chambourlas","description":"| miellerie artisanale d&#039;Ard\u00e8che, passez-nous votre commande.","publisher":{"@id":"https:\/\/miellerieduchambourlas.fr\/#organization"},"potentialAction":[{"@type":"SearchAction","target":{"@type":"EntryPoint","urlTemplate":"https:\/\/miellerieduchambourlas.fr\/?s={search_term_string}"},"query-input":{"@type":"PropertyValueSpecification","valueRequired":true,"valueName":"search_term_string"}}],"inLanguage":"en-US"},{"@type":"Organization","@id":"https:\/\/miellerieduchambourlas.fr\/#organization","name":"Miellerie du Chambourlas","url":"https:\/\/miellerieduchambourlas.fr\/","logo":{"@type":"ImageObject","inLanguage":"en-US","@id":"https:\/\/miellerieduchambourlas.fr\/#\/schema\/logo\/image\/","url":"http:\/\/miellerieduchambourlas.fr\/wp-content\/uploads\/2022\/09\/logo.png","contentUrl":"http:\/\/miellerieduchambourlas.fr\/wp-content\/uploads\/2022\/09\/logo.png","width":346,"height":352,"caption":"Miellerie du Chambourlas"},"image":{"@id":"https:\/\/miellerieduchambourlas.fr\/#\/schema\/logo\/image\/"}}]}},"_links":{"self":[{"href":"https:\/\/miellerieduchambourlas.fr\/index.php?rest_route=\/wp\/v2\/pages\/191","targetHints":{"allow":["GET"]}}],"collection":[{"href":"https:\/\/miellerieduchambourlas.fr\/index.php?rest_route=\/wp\/v2\/pages"}],"about":[{"href":"https:\/\/miellerieduchambourlas.fr\/index.php?rest_route=\/wp\/v2\/types\/page"}],"author":[{"embeddable":true,"href":"https:\/\/miellerieduchambourlas.fr\/index.php?rest_route=\/wp\/v2\/users\/1"}],"replies":[{"embeddable":true,"href":"https:\/\/miellerieduchambourlas.fr\/index.php?rest_route=%2Fwp%2Fv2%2Fcomments&post=191"}],"version-history":[{"count":8,"href":"https:\/\/miellerieduchambourlas.fr\/index.php?rest_route=\/wp\/v2\/pages\/191\/revisions"}],"predecessor-version":[{"id":212,"href":"https:\/\/miellerieduchambourlas.fr\/index.php?rest_route=\/wp\/v2\/pages\/191\/revisions\/212"}],"wp:attachment":[{"href":"https:\/\/miellerieduchambourlas.fr\/index.php?rest_route=%2Fwp%2Fv2%2Fmedia&parent=191"}],"curies":[{"name":"wp","href":"https:\/\/api.w.org\/{rel}","templated":true}]}}